. Let o = s + 64. Is o composite?
False
Let y be 3*(3/(-9) + 1). Suppose 15 = u + y*u. Suppose 3*v - 58 = -5*k, 6*k - u*k = 3*v + 8. Is k a prime number?
True
Let j = 16 + -11. Suppose 0 = -j*w + 5*p + 400, -4*w - 3*p = -4*p - 335. Is w composite?
True
Let y(d) = -3*d**2 + 0*d**2 + 7*d + 1 - 14*d**2 - 8*d. Let u(j) = 85*j**2 + 6*j - 5. Let g(p) = -2*u(p) - 11*y(p). Is g(-2) a prime number?
False
Suppose 2*v + 0*v + 8 = 0, 4*q = -v + 3624. Is q prime?
True
Suppose -2*l - 2314 = -4*l - y, 4*l - 2*y - 4628 = 0. Is l a prime number?
False
Suppose -2*x + x - 860 = 3*t, 0 = -2*t + 4. Let u = x - -2202. Is u/10 - 15/25 a composite number?
True
Let k(n) = n**3 + 3*n**2 + 2*n - 1. Let f be k(-3). Let b = 3 - f. Suppose d = 6*d - b, d = -4*p + 150. Is p composite?
False
Suppose 4*t = 5*t. Suppose -4*m - 3*i = -1240, t*m - 917 = -3*m + i. Is m prime?
True
Let l(k) = 2*k**3 + 6*k - 7. Is l(3) composite?
True
Is (4/6)/(8/5268) prime?
True
Let p(l) = 69*l - 3. Let w be p(3). Let y = w - 110. Let v = y + 3. Is v a composite number?
False
Is (-2)/(4/2918*-1) a composite number?
False
Is 293/(5 + (-144)/30) composite?
True
Is (-1)/(-6) + (-1541)/(-6) prime?
True
Suppose j = -2*j + s + 16, 2*s = -4*j + 28. Suppose -3*r + j*r = 4*g + 711, -3*r + 5*g + 714 = 0. Is r a prime number?
True
Let o(x) = 4*x**3 - 3*x**2 + 4. Suppose -2*t = 4*u - 10, 0 = -3*u + t - 5*t + 5. Is o(u) prime?
False
Suppose 0 = -2*r + 7*r - 1655. Is r a composite number?
False
Suppose -8 = -v - v. Suppose -5*x = -v*x + 61. Let d = 102 - x. Is d composite?
False
Is ((-51228)/48)/((-3)/4) a prime number?
True
Suppose 0*z = 5*z + 4*u - 1871, -3*z + 2*u = -1105. Is z a composite number?
True
Let q = -6 + 7. Is (-284)/(-6)*3 - q composite?
True
Let h = -77 + 226. Is h a composite number?
False
Let f(v) = -55*v + 2. Let h be f(-7). Let j = h + -136. Is j a prime number?
True
Suppose 0 = -3*g + 5*x + 442, 0*x = -2*x + 2. Is g prime?
True
Let k(z) = -18*z**3 + 1 + z + 0*z**2 - 89*z**3 - z**2. Is k(-1) a composite number?
True
Suppose -3*b = -4*v - 291, b + 5*v = 6*b - 480. Suppose h + 2*h = b. Is h prime?
True
Let o(y) = -36*y - 1. Let r be o(1). Let u = r + 55. Is (u/2 + -3)*1 prime?
False
Suppose -3*c + 389 = -1822. Is c a prime number?
False
Suppose 5*k - 183 - 772 = 0. Is k a prime number?
True
Let a(f) = 42*f**2 + f. Let n be a(3). Suppose 2*g - 508 = -2*g + h, 4*h = 3*g - n. Is g composite?
False
Let a = -3 + 9. Let f = 38 + -18. Is -2 + a + -3 + f prime?
False
Suppose 0*m - m + 292 = 0. Let d = m - 165. Is d a prime number?
True
Suppose -u + 2*d - 2 = -5, 3*u + 3*d - 9 = 0. Suppose 4*w = u*w + 37. Is w prime?
True
Suppose -g + 2*g = -184. Let w = 277 + g. Let u = w - 26. Is u composite?
False
Suppose 0 = -5*w - 3*m - 103, -4*w - 34 - 47 = m. Is 5/(w/(-8)) - -111 prime?
True
Let m(z) = z**2 + 3*z + 9. Let l = -7 - -47. Suppose -4*k = k + l. Is m(k) a composite number?
True
Let q(k) = k**2 - 8*k + 11. Let g(m) = m**3 + m**2 + m + 8. Let o be g(0). Is q(o) a prime number?
True
Suppose 3*i - 11 = -2. Let w = -1 + i. Is (w - -16)/(-1 + 3) composite?
True
Let x = -657 + 1130. Is x a prime number?
False
Let c = -33 - -23. Let t = 385 - c. Is t composite?
True
Suppose -4 = 5*d + 1. Is (0 + (-57)/3)*d a prime number?
True
Suppose -3*i = 8 - 5. Let s(b) = -378*b**3 - 1. Is s(i) a prime number?
False
Suppose -6*l + 4*l + 6 = 0. Suppose l*b - 508 = -b. Is b prime?
True
Let r(f) = f**3 - 8*f**2 + f + 4. Let o be r(7). Let k = o + 57. Is k a composite number?
False
Is (5 + 32/(-3))/((-2)/606) a composite number?
True
Let q = -198 - -278. Let j be 30/4*q/(-6). Let v = j + 177. Is v a composite number?
True
Let p = 355 + 192. Is p a prime number?
True
Let j(x) = -5*x**3 - x**2 + 0*x**2 + 2*x + 8*x**2 - x**2 + 1. Is j(-4) prime?
True
Let l = 76 + -33. Is l composite?
False
Suppose 18 = -4*d + 3*d. Let a = d - -25. Let h = -3 + a. Is h a composite number?
True
Suppose -3*z + 122 - 113 = 0. Is z composite?
False
Let o be 5 + (1 + -2 - -1). Suppose 4*g + 119 = -3*n, o*n + 179 = -5*g - 26. Let q = -26 - n. Is q composite?
False
Let y(o) = -6*o - 3. Suppose 2*i - 5*s + 21 = 0, -s = -1 - 2. Is y(i) prime?
False
Suppose -4*s + 4 = -2*y, 0*y + 8 = s + 3*y. Suppose -w + 173 = -3*l, 0*l + 797 = 5*w + s*l. Is w a prime number?
False
Let u be (-126)/(-9)*(-1)/2. Let v = -7 - u. Suppose v*h - 2*h + 178 = 0. Is h a prime number?
True
Let m be 2/(2*2/8). Suppose 4*o + m*h = -90 - 114, 5*h - 159 = 4*o. Let s = o + 231. Is s prime?
False
Suppose 9*q - 753 = 12. Is q a composite number?
True
Let a = 9 - 9. Let p(b) = -b**3 - b**2 + 764. Let l be p(a). Is l/6 - 2/6 a prime number?
True
Let g(u) = -3*u - 5. Let i be g(-5). Let a = i + 67. Is a a composite number?
True
Let f(d) = -d + 18. Let p be f(13). Suppose -230 = -3*w - h, 0 = 3*w - p*w + 2*h + 156. Is w composite?
True
Suppose -4*j - 291 - 349 = 2*n, -5*n - 3*j - 1593 = 0. Let s = -191 - n. Is s a composite number?
False
Suppose -3*c + 18 = 5*s, c = 5*s - 4*c - 10. Suppose -s*n = 2*n - 15. Let g(x) = 54*x - 3. Is g(n) a prime number?
False
Let b(s) = 4*s - 6*s + 22*s**2 + 3*s + 2. Is b(3) prime?
False
Suppose 1058 + 1288 = 6*l. Is l composite?
True
Let c(q) = -q. Let g be c(-5). Suppose -g*z = -z - 148. Is z a prime number?
True
Suppose f + 3*t - 4*t = 27, 4*f - t = 120. Let s = -19 + f. Suppose 3*c = 5*w - 6, -2*w + s = c + c. Is c a composite number?
False
Suppose -4*o = -3*r - 159, -3*o = 4*r - 10 - 103. Is o composite?
True
Let d(o) = 12*o - 5. Let x be d(5). Let m = x - 18. Is m a prime number?
True
Let b(r) = -r - 1. Let y be b(-1). Suppose -218 = -2*m - y*m. Is m composite?
False
Let l = 39 + -21. Let p = l + -3. Is p a composite number?
True
Let y be (-62)/4*4/(-2). Let z = y - 18. Is z a composite number?
False
Let s(d) = 64*d**2 + 3*d. Is s(2) composite?
True
Let z(a) = a**2 + 8*a + 10. Let h(f) = f - 8. Let r be h(-9). Is z(r) a composite number?
False
Let b(h) be the second derivative of 8*h**4 + 2*h**3/3 - 3*h**2/2 + 9*h. Is b(2) prime?
True
Suppose 5*l + 4*x + 12 = l, -4*l = x + 3. Let v be l + (1 - 4*-1). Suppose 3*z + z = -v*m + 542, 3*z + 5*m = 409. Is z composite?
True
Let t(p) = -p - 4. Let n be t(-7). Is (57 - (-6)/n)/1 prime?
True
Let b = 43 + -23. Suppose z - 73 = -19. Let i = z - b. Is i a composite number?
True
Suppose 5*b + 8818 = 7*b. Is b a composite number?
False
Is -163*2*(-3 + (-10)/(-4)) a composite number?
False
Let b be -1 + 1 + -2 + 27. Let x(q) = -3*q - 14. Let p be x(-6). Suppose -3*c = 4*u - b, -u - 8 + 50 = p*c. Is c composite?
False
Suppose 6*o - 2*o + 4*r - 4 = 0, 2*r = -4*o + 6. Let t be 3 + 0 + 8/4. Suppose t*b - 104 = -3*l, -85 = -4*b - o*l - l. Is b a composite number?
False
Let a = -13 + 18. Let c = 16 - a. Is c a composite number?
False
Suppose -5*g = -3*p - 25, 5*p + 27 = 3*g - 2*g. Suppose 0*b = b + g. Is 32 + 4 + b + 1 composite?
True
Suppose 9*k + 1284 = 13*k. Is k prime?
False
Let s be (2 + 10/(-4))*0. Suppose -951 + 2736 = 5*z. Suppose 4*p + 2*k + 3*k - z = s, -k + 337 = 4*p. Is p composite?
False
Let o be (-9*2)/(-1) - -2. Suppose 2*a + 0*a = o. Let l = 75 - a. Is l a composite number?
True
Let n(f) = f. Let u be n(0). Suppose a = -u*a + 6. Is a a composite number?
True
Let s be (-2)/6 - 44/(-6). Let l(u) = 6 + 8*u**2 + 0 + 4 + u**3 + s*u. Is l(-7) composite?
True
Is (0 - -9)*(-1077)/(-9) a composite number?
True
Let g = 9 + -16. Suppose 0 = -2*v - 3*i + 25, 0*v - v = 5*i - 9. Let j = v + g. Is j a composite number?
False
Suppose 2*l - 19 = -2*k + 5*k, 0 = -2*k + l - 12. Let d = 74 - k. Is -1 - 1 - d/(-1) a prime number?
False
Suppose 235 - 875 = -4*f + 4*g, -3*f = 4*g - 459. Is f a prime number?
True
Let r(w) = 128*w**2 + 4*w + 3. Is r(-1) prime?
True
Suppose 3*x - 865 = 578. Is x a prime number?
False
Let l(u) = 2*u**2 + 6*u + 9. Suppose 3*o - 26 = -5. Is l(o) a prime number?
True
Let g(a) = 26*a**2 + 3*a + 9. Is g(-4) composite?
True
Let j be (-3)/15 - 15230/(-25). Suppose -j - 43 = -4*v. Is v a prime number?
True
Let d be (3 + -12 + 1)*1. Is (-30)/d*56/21 composite?
True
Let k(p) = p - 1. Let h be k(4). Suppose -2*u + 0*y - 3*y + 139 = 0, 0 = -3*u + h*y + 186. Is u prime?
False
Is 3 - 5 - (-1 + -480) prime?
True
Suppose 0 = -4*j + i + 20, j - 5 = i - 3. Suppose -4*m + j = -30. Is 57/m - (-1)/(-3) prime?
False
Sup